h + 4 = -5*w. Let x(s) be the second derivative of 0 - s - 1/6*s**3 + 1/12*s**4 + 1/20*s**5 + w*s**2. What is x(-2)?
-2
Suppose 0 = -o + 2*o - 6. Let l(b) = 0*b + 6*b + 20*b + 14 + 0*b. Let f(j) = 9*j + 5. Let h(u) = o*l(u) - 17*f(u). What is h(2)?
5
Let m(n) = -5*n**3 + 4*n**2 + 3*n + 7. Let p(h) = 11*h**3 - 8*h**2 - 6*h - 14. Let c(v) = -9*m(v) - 4*p(v). Give c(5).
3
Let p(a) be the second derivative of a**5/20 - a**4/6 - 5*a**3/6 - 7*a. Determine p(4).
12
Let g(w) = w**3 - 3*w**2 + 3*w + 2. Let x(q) = -q. Let t(n) = g(n) + 5*x(n). Suppose -3*b + 14 = 4*b. Calculate t(b).
-6
Suppose 0*v - v = 3. Let j be 2*1/(-2) - v. Let o(q) = -q**3 + q**2 + 3*q - 3. Calculate o(j).
-1
Let k(x) = x**2 + 7*x + 5. Let t be k(-7). Let i(h) = h + 3 + t*h**2 - 2 - 1. Calculate i(1).
6
Let i(d) = -d**2 - 6*d - 6. Suppose n - 19 = -5*w, -3*w + 4*w = -4*n - 19. What is i(n)?
-6
Let w(s) = -s**3 + 6*s**2 - 10*s - 9. Let n(v) = -v**3 + 6*v**2 - 9*v - 8. Let f(l) = -6*n(l) + 5*w(l). Let z = 11 + -6. Calculate f(z).
-2
Let k(g) be the third derivative of 2*g**5/15 - g**3/6 + 21*g**2. Determine k(-1).
7
Suppose -6*m = -m - 5*j - 10, 20 = 3*m + 4*j. Let p(x) = m*x**2 - 3 - 4*x**3 + x**3 + 2*x**3 + 1. Calculate p(4).
-2
Let f(z) = -z**3 + 3*z**2 - z - 1. Let v = -57 + 59. Determine f(v).
1
Let z(n) = -4 + 2*n + n**2 - 6*n**2 + 3 + 3. Suppose 0*b + 10 = 5*b. Let j(v) = 3*v**2 - v - 1. Let s(i) = b*z(i) + 5*j(i). Give s(-1).
5
Let n(o) = 3*o + 11. Let f(g) = g + 4. Let v(p) = -14*f(p) + 4*n(p). Determine v(-10).
8
Let l(w) = -3*w - 19. Let i(p) = -p - 6. Let o(m) = 11*i(m) - 4*l(m). Let h = -7 + 2. Give o(h).
5
Let h(n) = -5*n**2 - 2*n + 2*n**3 + 0*n**3 - 2*n**3 - n**3. Let f(o) = o**3 - o**2 - o + 6. Let c be f(0). Suppose 4*j + 26 = c. Determine h(j).
10
Suppose -q - o = 0, 4*o + 12 = o. Let m be (-90)/(-24) - 3/q. Let r(w) = -3*w**3 - 5 + 3*w**2 + 0 + 2*w**m - 4*w + 2*w**3. Determine r(-4).
-5
Let g(z) = -2*z + 2. Let b(k) = 3*k - 1. Let v(l) = -3*b(l) - 4*g(l). Give v(-5).
0
Let i(k) = -k + 4 - 17 + 11. Let v be (-6)/1*(-2)/(-4). Calculate i(v).
1
Let n(z) = 4*z - 2*z + 11 - 3*z - 12. Determine n(-9).
8
Let q(b) be the third derivative of b**5/60 + b**4/4 + 7*b**3/6 - 2*b**2. Let h(s) = 2*s. Let z be h(-4). Let y be (-1 - (-2)/z)*4. Give q(y).
2
Let l be 4/8*0 - -6. Let v(s) = -9*s + 12. Let t(k) = -4*k + 6. Let y(i) = 7*t(i) - 3*v(i). Calculate y(l).
0
Let w(u) = -u - 14. Let z be w(-16). Let d(s) = 0*s**3 - 6*s + 4*s + 3*s**2 - s**3. Calculate d(z).
0
Let j(d) be the third derivative of -d**4/8 - 7*d**3/6 + d**2. Determine j(-5).
8
Let x(h) = -h. Let g be x(0). Let c(d) be the second derivative of 1/6*d**3 + 0 - d**2 + 2*d. What is c(g)?
-2
Let l = -1 - -5. Let k(r) = -3*r + 2 + 0*r + l*r. Let n be k(-7). Let t(i) = i**3 + 5*i**2 + i + 1. Calculate t(n).
-4
Let p(q) be the first derivative of -5/2*q**2 - q - 1. Let w be (-6)/4*(-2)/3. What is p(w)?
-6
Suppose 0 = -f + 6*f - 35. Suppose f*j - 10 = -t + 4*j, -10 = -5*t + 5*j. Suppose 4*a + t = 2*r, a + a = 2*r. Let k(c) = 3*c + 3. Determine k(a).
-3
Let y = 1 - -2. Let b(t) = t**2 - t - 1. Let n be b(y). Let i(m) = -m + 3 + 3 - 2. Calculate i(n).
-1
Let d = -4 + 4. Let n be (-2)/((-4)/6*1). Let x(p) = p**n + d + 5*p**2 + 0*p + 5*p - 3. What is x(-4)?
-7
Suppose 0 = -3*o - u + 15, 3*o + 30 = 6*o - 4*u. Let a(l) = -l + 4. Give a(o).
-2
Let a(z) be the first derivative of 6*z**2 + z - 4. Determine a(-1).
-11
Let y(w) = 4*w**2 + 2*w - 1. Let v(r) = -r**2 + r. Let x(g) = 3*v(g) + y(g). Determine x(-6).
5
Suppose -5*i + 24 = v, 3*v - 16 = -0*v - i. Suppose x - 6*x + 19 = 2*p, 7 = -v*p + 5*x. Let n(b) = -6*b + 0*b + p*b. Determine n(1).
-4
Suppose -d - 2 = -4. Let r(x) = x**3 + x**2 + 1. Let g(w) = 3*w**3 + w**2 - 2*w + 2. Let h(m) = -g(m) + 2*r(m). What is h(d)?
0
Let p(t) = 1 - 5*t + 0*t**2 - 8*t**2 + 9*t**2. What is p(5)?
1
Let d(g) = g**3 + 5*g**2 + 4*g - 1. Let y be d(-3). Let w(z) = z**2 - 5*z - 1. What is w(y)?
-1
Let w(k) = k**3 + 6*k**2 + 6*k + 4. Suppose 5*s = -0*s - 4*b - 33, b + 2 = 0. What is w(s)?
-1
Let c(k) = -k + 2. Suppose -f - 5*f = 0. Suppose 0 = q - 2 - f. Calculate c(q).
0
Suppose -2*z - h = -8, -3*h = -2*h - 4. Let k(l) = 5*l + z*l - 5*l + 2. Determine k(4).
10
Let a(t) = t**3 + t - 1. Let s(q) = -6*q**3 + 5*q**2 + q + 11. Let o(l) = 5*a(l) + s(l). Determine o(6).
6
Let k(a) = -2*a - 7. Let l be k(-6). Let m(q) = -8*q - 1 + 10*q + 2. Determine m(l).
11
Let k be 32/6 - (-3)/(-9). Suppose k - 2 = -b. Let q(p) = -p**2 - p - 2. Give q(b).
-8
Let a be 92/14 - 6 - 3/(-7). Suppose -6 = -2*c + 2*p, -7 = -4*c + 2*p + 7. Let b(n) = -2*n - 2*n**2 - n + c*n. Give b(a).
-1
Suppose 0 = 5*l - 4*g + 9 + 6, 5*g = 4*l + 12. Let d(x) = -640 + 215 - x + 210 + 213. What is d(l)?
1
Let z(j) = -j + 1. Let d(f) = -6*f + 13. Let c(r) = d(r) - 4*z(r). Let v(w) = w - 5. Let p(q) = 3*c(q) + 5*v(q). Calculate p(-2).
4
Let v(n) be the second derivative of -13*n**5/20 - n**4/6 + n**3/6 + 32*n. What is v(1)?
-14
Let o be 1/(1*3/6). Let b(q) = -4*q**o - 2*q**2 + 3*q**3 - 4*q**3 - 4*q + q**2 + 3. Determine b(-4).
3
Let f = -14 - -9. Let x(c) be the first derivative of c**4/4 + 4*c**3/3 - 3*c**2 - 6*c + 6. What is x(f)?
-1
Let m(u) = -3*u + 7*u + u**3 - 5*u**2 - 3 - 2*u**3. Suppose 5*x - 2*w = -40, x + 3*x = -3*w - 9. What is m(x)?
9
Let b(j) = -j**2 + j + 4. Let l(v) = -v**3 - 9*v**2 + 9*v - 10. Let r be l(-10). Suppose -o + 2 = r, -5*h - 2*o = 2*o - 8. Determine b(h).
4
Let b(i) = 5359*i - 5 + 2 - 5360*i. Determine b(-7).
4
Let j(a) = -2*a + 7. Let m = 9 - 4. Let y be j(m). Let q(f) = 0 - 4*f - 3 - f**2 + 0*f**2. Calculate q(y).
0
Let c(j) = 3*j**3 + 14*j**2 + 11*j - 3. Let d(n) = n**3 - n + 1. Let g(a) = c(a) - 2*d(a). Let z be g(-13). Let l(t) = -t - 6. What is l(z)?
-1
Let f(p) = -2*p**2 + 7*p. Let h be ((-4)/(-7))/(7/49). Suppose -s + 9 = h. Calculate f(s).
-15
Let c(p) = -p**3 - 3 + 2*p**3 - 4*p**2 + 9*p - 3*p**2 - 2*p**2. Give c(8).
5
Let n(v) = v**3 + 4*v**2 + v - 3. Let d(z) = -z**2 + z - 4. Let a = 1 - 1. Let i be d(a). What is n(i)?
-7
Let l(p) = -p**3 - 5*p**2 + 4*p - 5. Let u = -26 - -21. What is l(u)?
-25
Let a(f) = -f**3 + 7*f**2 - 8*f. Let h be a(5). Let v(u) = -u**3 + 10*u**2 + u - 9. Calculate v(h).
1
Suppose 0*w + 3*w = -5*c + 19, 4*w - 2*c + 18 = 0. Let i(s) = -s + 2. What is i(w)?
4
Let p = 7 + -10. Let r(o) = 2*o - 11. Let d(b) = -3*b + 21. Let w(k) = p*d(k) - 5*r(k). Give w(-7).
-1
Let q(b) = -3*b + 11. Suppose 0*d = d - 5*p - 7, 5*d = 3*p + 13. Let j(t) = t - 6. Let v(r) = d*q(r) + 5*j(r). Determine v(-6).
-2
Let k be 1 + 9/(-12)*-4. Let s(i) = 5 + k*i + i**2 + 5*i - 2*i. What is s(-6)?
-1
Let v(b) be the first derivative of b**3/3 + b**2/2 - 2*b - 5. Give v(-3).
4
Let r(i) = -15*i - 9. Let z(h) = -7*h - 4. Let p(k) = 6*r(k) - 13*z(k). Let b(s) = -2*s - 2. Let l be b(-2). Give p(l).
0
Let q = -101 + 100. Let i(k) = 11*k**3 + k**2 + k + 1. Determine i(q).
-10
Suppose -4*v + 0 = -20. Suppose -10 = -v*z - 4*l, 4*z - l + 3*l - 14 = 0. Let b(u) = -u - 6. What is b(z)?
-12
Suppose 0*h - 30 = -5*h. Let x(a) = a + 3. Calculate x(h).
9
Suppose -4 = 3*j - 10. Suppose b + 12 = -j*r, -3*b - 2 = 2*r - 7*b. Let i(f) = -f**3 - 5*f**2 + 6. Determine i(r).
6
Let t(m) be the third derivative of -m**5/30 - m**4/24 - m**3/2 + 9*m**2. Let l(q) = 1. Let a be (-6)/(-10) - 2/(-5). Let k(v) = a*t(v) + 5*l(v). What is k(-2)?
-4
Let y(b) = b**3 - 4*b**2 - 9*b + 3. Let j be y(6). Let a be 6/j*(7 + 0). Let g = a + -8. Let l(n) = -n**2 - 8*n - 6. Give l(g).
6
Let j(x) = -3*x + 6*x + 53 - 56. Let b = 2 - 7. Let n = b + 8. Determine j(n).
6
Let c(r) = 5*r**3 + 16*r**2 + 4*r + 4. Let k(x) = -x**3 - 4*x**2 - x - 1. Let v(o) = -2*c(o) - 9*k(o). Let g = -15 - -19. Calculate v(g).
5
Let b(i) = i**2 + 3*i - 3. Suppose 2*c = -0*c + u - 7, 0 = 4*c + 4*u + 20. Calculate b(c).
1
Let c(n) = -5*n**3 + n**2 - n**2 - 2*n - 1 - 2*n**2. Let j(i) = -i**3 - 3*i**2 + 3*i - 5. Let w be j(-4). Calculate c(w).
4
Let t be 28/(-12) + 2 + 100/(-15). Let l(a) = -a**3 - 7*a**2 - 9. What is l(t)?
-9
Let s(z) = 2*z**2 - 1. Let m be s(-2). Let v(g) = -g + 5 + 11*g - m*g. Calculate v(-4).
-7
Let z(b) be the second derivative of 1/2*b**2 + 0 - 3/5*b**5 - 1/6*b**3 + b + 1/12*b**4. What is z(1)?
-11
Let v(b) be the second derivative of -b**8/6720 - b**7/1260 + b**6/720 + b